{"text_format":"1","workbook":"xlsx","n_sheets":3,"sheets":["Mortgage Calculator","Amortization Schedule","Ref"],"not_rendered":{"charts":2,"images":2,"macros":1,"external_links":0,"defined_names":4,"comments":0,"pivot_tables":0},"unopened":[],"bounds":{"document_bytes":16777216,"sheet_cells":100000,"rows_first":2000,"rows_last":500,"rows_between":2000,"halvings":0,"cell_chars":16384,"cell_head_chars":4096},"cells_cut":0,"cells_raw":0,"read":"whole","date_system":"1900"}

{"sheet":"Mortgage Calculator","index":0,"n_rows":29,"n_cols":17,"rows_kept":29,"cut":false,"hidden":false,"merged":[[28,2,28,3],[17,7,17,16],[3,1,3,4],[17,1,17,5],[0,3,1,9],[27,2,27,3]]}
[null,null,null,"Mortgage Repayment & Amortization Calculator",null,null,null,null,null,null,null,null,null,null,null,"Currency Select","USD"]
[]
[null,null,null,null,null,null,null,null,null,null,null,null,null,null,null,null,"Help"]
[null,"Data Inputs"]
[]
[null,null,"Loan Amount",250000]
[null,null,"Interest Rate",0.05]
[null,null,"Loan Term (Years)",25]
[null,null,"No of Payments per Year",12]
[null,null,"Loan Repayment Start Date",{"$f":"TODAY()","v":"2024-01-12"}]
[]
[null,null,"Optional Extra Monthly Payment",0]
[]
[]
[]
[]
[null,null,null,null,null,null,null,null,null,null,null,null,null,null,null,null,"Full Schedule"]
[null,"Loan Summary Report",null,null,null,null,null,"Mortgage Amortization Schedule Snapshot"]
[null,null,null,null,null,null,null,"Payment Number","Payment Date","Start Balance","Scheduled Payment","Additional Payment Made","Total Payment","Principal Portion of Payment","Interest Portion of Payment","End Balance","Cumulative Interest Paid"]
[null,null,"Total Amount Repaid",438442.53113098635,null,null,null,{"$f":"IFERROR(INDEX(AmortizationData, ROWS($H$20:H20) + Ref!$A$2 - 1, COLUMN(H20)-COLUMN($H$20)+1), \"\")","v":1},{"$f":"IFERROR(INDEX(AmortizationData, ROWS($H$20:I20) + Ref!$A$2 - 1, COLUMN(I20)-COLUMN($H$20)+1), \"\")","v":"2024-01-12"},{"$f":"IFERROR(INDEX(AmortizationData, ROWS($H$20:J20) + Ref!$A$2 - 1, COLUMN(J20)-COLUMN($H$20)+1), \"\")","v":250000},{"$f":"IFERROR(INDEX(AmortizationData, ROWS($H$20:K20) + Ref!$A$2 - 1, COLUMN(K20)-COLUMN($H$20)+1), \"\")","v":1461.4751037699502},{"$f":"IFERROR(INDEX(AmortizationData, ROWS($H$20:L20) + Ref!$A$2 - 1, COLUMN(L20)-COLUMN($H$20)+1), \"\")","v":0},{"$f":"IFERROR(INDEX(AmortizationData, ROWS($H$20:M20) + Ref!$A$2 - 1, COLUMN(M20)-COLUMN($H$20)+1), \"\")","v":1461.4751037699502},{"$f":"IFERROR(INDEX(AmortizationData, ROWS($H$20:N20) + Ref!$A$2 - 1, COLUMN(N20)-COLUMN($H$20)+1), \"\")","v":419.8084371032835},{"$f":"IFERROR(INDEX(AmortizationData, ROWS($H$20:O20) + Ref!$A$2 - 1, COLUMN(O20)-COLUMN($H$20)+1), \"\")","v":1041.6666666666667},{"$f":"IFERROR(INDEX(AmortizationData, ROWS($H$20:P20) + Ref!$A$2 - 1, COLUMN(P20)-COLUMN($H$20)+1), \"\")","v":249580.19156289671},{"$f":"IFERROR(INDEX(AmortizationData, ROWS($H$20:Q20) + Ref!$A$2 - 1, COLUMN(Q20)-COLUMN($H$20)+1), \"\")","v":1041.6666666666667}]
[null,null,"Princpal",250000.0000000002,null,null,null,{"$f":"IFERROR(INDEX(AmortizationData, ROWS($H$20:H21) + Ref!$A$2 - 1, COLUMN(H21)-COLUMN($H$20)+1), \"\")","v":2},{"$f":"IFERROR(INDEX(AmortizationData, ROWS($H$20:I21) + Ref!$A$2 - 1, COLUMN(I21)-COLUMN($H$20)+1), \"\")","v":"2024-02-12"},{"$f":"IFERROR(INDEX(AmortizationData, ROWS($H$20:J21) + Ref!$A$2 - 1, COLUMN(J21)-COLUMN($H$20)+1), \"\")","v":249580.19156289671},{"$f":"IFERROR(INDEX(AmortizationData, ROWS($H$20:K21) + Ref!$A$2 - 1, COLUMN(K21)-COLUMN($H$20)+1), \"\")","v":1461.4751037699502},{"$f":"IFERROR(INDEX(AmortizationData, ROWS($H$20:L21) + Ref!$A$2 - 1, COLUMN(L21)-COLUMN($H$20)+1), \"\")","v":0},{"$f":"IFERROR(INDEX(AmortizationData, ROWS($H$20:M21) + Ref!$A$2 - 1, COLUMN(M21)-COLUMN($H$20)+1), \"\")","v":1461.4751037699502},{"$f":"IFERROR(INDEX(AmortizationData, ROWS($H$20:N21) + Ref!$A$2 - 1, COLUMN(N21)-COLUMN($H$20)+1), \"\")","v":421.55763892454729},{"$f":"IFERROR(INDEX(AmortizationData, ROWS($H$20:O21) + Ref!$A$2 - 1, COLUMN(O21)-COLUMN($H$20)+1), \"\")","v":1039.9174648454029},{"$f":"IFERROR(INDEX(AmortizationData, ROWS($H$20:P21) + Ref!$A$2 - 1, COLUMN(P21)-COLUMN($H$20)+1), \"\")","v":249158.63392397217},{"$f":"IFERROR(INDEX(AmortizationData, ROWS($H$20:Q21) + Ref!$A$2 - 1, COLUMN(Q21)-COLUMN($H$20)+1), \"\")","v":2081.5841315120697}]
[null,null,"Interest",188442.53113098364,null,null,null,{"$f":"IFERROR(INDEX(AmortizationData, ROWS($H$20:H22) + Ref!$A$2 - 1, COLUMN(H22)-COLUMN($H$20)+1), \"\")","v":3},{"$f":"IFERROR(INDEX(AmortizationData, ROWS($H$20:I22) + Ref!$A$2 - 1, COLUMN(I22)-COLUMN($H$20)+1), \"\")","v":"2024-03-12"},{"$f":"IFERROR(INDEX(AmortizationData, ROWS($H$20:J22) + Ref!$A$2 - 1, COLUMN(J22)-COLUMN($H$20)+1), \"\")","v":249158.63392397217},{"$f":"IFERROR(INDEX(AmortizationData, ROWS($H$20:K22) + Ref!$A$2 - 1, COLUMN(K22)-COLUMN($H$20)+1), \"\")","v":1461.4751037699502},{"$f":"IFERROR(INDEX(AmortizationData, ROWS($H$20:L22) + Ref!$A$2 - 1, COLUMN(L22)-COLUMN($H$20)+1), \"\")","v":0},{"$f":"IFERROR(INDEX(AmortizationData, ROWS($H$20:M22) + Ref!$A$2 - 1, COLUMN(M22)-COLUMN($H$20)+1), \"\")","v":1461.4751037699502},{"$f":"IFERROR(INDEX(AmortizationData, ROWS($H$20:N22) + Ref!$A$2 - 1, COLUMN(N22)-COLUMN($H$20)+1), \"\")","v":423.31412908673269},{"$f":"IFERROR(INDEX(AmortizationData, ROWS($H$20:O22) + Ref!$A$2 - 1, COLUMN(O22)-COLUMN($H$20)+1), \"\")","v":1038.1609746832175},{"$f":"IFERROR(INDEX(AmortizationData, ROWS($H$20:P22) + Ref!$A$2 - 1, COLUMN(P22)-COLUMN($H$20)+1), \"\")","v":248735.31979488544},{"$f":"IFERROR(INDEX(AmortizationData, ROWS($H$20:Q22) + Ref!$A$2 - 1, COLUMN(Q22)-COLUMN($H$20)+1), \"\")","v":3119.745106195287}]
[null,null,null,null,null,null,null,{"$f":"IFERROR(INDEX(AmortizationData, ROWS($H$20:H23) + Ref!$A$2 - 1, COLUMN(H23)-COLUMN($H$20)+1), \"\")","v":4},{"$f":"IFERROR(INDEX(AmortizationData, ROWS($H$20:I23) + Ref!$A$2 - 1, COLUMN(I23)-COLUMN($H$20)+1), \"\")","v":"2024-04-12"},{"$f":"IFERROR(INDEX(AmortizationData, ROWS($H$20:J23) + Ref!$A$2 - 1, COLUMN(J23)-COLUMN($H$20)+1), \"\")","v":248735.31979488544},{"$f":"IFERROR(INDEX(AmortizationData, ROWS($H$20:K23) + Ref!$A$2 - 1, COLUMN(K23)-COLUMN($H$20)+1), \"\")","v":1461.4751037699502},{"$f":"IFERROR(INDEX(AmortizationData, ROWS($H$20:L23) + Ref!$A$2 - 1, COLUMN(L23)-COLUMN($H$20)+1), \"\")","v":0},{"$f":"IFERROR(INDEX(AmortizationData, ROWS($H$20:M23) + Ref!$A$2 - 1, COLUMN(M23)-COLUMN($H$20)+1), \"\")","v":1461.4751037699502},{"$f":"IFERROR(INDEX(AmortizationData, ROWS($H$20:N23) + Ref!$A$2 - 1, COLUMN(N23)-COLUMN($H$20)+1), \"\")","v":425.07793795792759},{"$f":"IFERROR(INDEX(AmortizationData, ROWS($H$20:O23) + Ref!$A$2 - 1, COLUMN(O23)-COLUMN($H$20)+1), \"\")","v":1036.3971658120226},{"$f":"IFERROR(INDEX(AmortizationData, ROWS($H$20:P23) + Ref!$A$2 - 1, COLUMN(P23)-COLUMN($H$20)+1), \"\")","v":248310.24185692752},{"$f":"IFERROR(INDEX(AmortizationData, ROWS($H$20:Q23) + Ref!$A$2 - 1, COLUMN(Q23)-COLUMN($H$20)+1), \"\")","v":4156.1422720073097}]
[null,null,"Scheduled Payment",1461.4751037699502,null,null,null,{"$f":"IFERROR(INDEX(AmortizationData, ROWS($H$20:H24) + Ref!$A$2 - 1, COLUMN(H24)-COLUMN($H$20)+1), \"\")","v":5},{"$f":"IFERROR(INDEX(AmortizationData, ROWS($H$20:I24) + Ref!$A$2 - 1, COLUMN(I24)-COLUMN($H$20)+1), \"\")","v":"2024-05-12"},{"$f":"IFERROR(INDEX(AmortizationData, ROWS($H$20:J24) + Ref!$A$2 - 1, COLUMN(J24)-COLUMN($H$20)+1), \"\")","v":248310.24185692752},{"$f":"IFERROR(INDEX(AmortizationData, ROWS($H$20:K24) + Ref!$A$2 - 1, COLUMN(K24)-COLUMN($H$20)+1), \"\")","v":1461.4751037699502},{"$f":"IFERROR(INDEX(AmortizationData, ROWS($H$20:L24) + Ref!$A$2 - 1, COLUMN(L24)-COLUMN($H$20)+1), \"\")","v":0},{"$f":"IFERROR(INDEX(AmortizationData, ROWS($H$20:M24) + Ref!$A$2 - 1, COLUMN(M24)-COLUMN($H$20)+1), \"\")","v":1461.4751037699502},{"$f":"IFERROR(INDEX(AmortizationData, ROWS($H$20:N24) + Ref!$A$2 - 1, COLUMN(N24)-COLUMN($H$20)+1), \"\")","v":426.84909603275219},{"$f":"IFERROR(INDEX(AmortizationData, ROWS($H$20:O24) + Ref!$A$2 - 1, COLUMN(O24)-COLUMN($H$20)+1), \"\")","v":1034.6260077371981},{"$f":"IFERROR(INDEX(AmortizationData, ROWS($H$20:P24) + Ref!$A$2 - 1, COLUMN(P24)-COLUMN($H$20)+1), \"\")","v":247883.39276089476},{"$f":"IFERROR(INDEX(AmortizationData, ROWS($H$20:Q24) + Ref!$A$2 - 1, COLUMN(Q24)-COLUMN($H$20)+1), \"\")","v":5190.7682797445077}]
[null,null,"Number of Payments",300,null,null,null,{"$f":"IFERROR(INDEX(AmortizationData, ROWS($H$20:H25) + Ref!$A$2 - 1, COLUMN(H25)-COLUMN($H$20)+1), \"\")","v":6},{"$f":"IFERROR(INDEX(AmortizationData, ROWS($H$20:I25) + Ref!$A$2 - 1, COLUMN(I25)-COLUMN($H$20)+1), \"\")","v":"2024-06-12"},{"$f":"IFERROR(INDEX(AmortizationData, ROWS($H$20:J25) + Ref!$A$2 - 1, COLUMN(J25)-COLUMN($H$20)+1), \"\")","v":247883.39276089476},{"$f":"IFERROR(INDEX(AmortizationData, ROWS($H$20:K25) + Ref!$A$2 - 1, COLUMN(K25)-COLUMN($H$20)+1), \"\")","v":1461.4751037699502},{"$f":"IFERROR(INDEX(AmortizationData, ROWS($H$20:L25) + Ref!$A$2 - 1, COLUMN(L25)-COLUMN($H$20)+1), \"\")","v":0},{"$f":"IFERROR(INDEX(AmortizationData, ROWS($H$20:M25) + Ref!$A$2 - 1, COLUMN(M25)-COLUMN($H$20)+1), \"\")","v":1461.4751037699502},{"$f":"IFERROR(INDEX(AmortizationData, ROWS($H$20:N25) + Ref!$A$2 - 1, COLUMN(N25)-COLUMN($H$20)+1), \"\")","v":428.62763393288878},{"$f":"IFERROR(INDEX(AmortizationData, ROWS($H$20:O25) + Ref!$A$2 - 1, COLUMN(O25)-COLUMN($H$20)+1), \"\")","v":1032.8474698370615},{"$f":"IFERROR(INDEX(AmortizationData, ROWS($H$20:P25) + Ref!$A$2 - 1, COLUMN(P25)-COLUMN($H$20)+1), \"\")","v":247454.76512696187},{"$f":"IFERROR(INDEX(AmortizationData, ROWS($H$20:Q25) + Ref!$A$2 - 1, COLUMN(Q25)-COLUMN($H$20)+1), \"\")","v":6223.6157495815696}]
[null,null,"Final Payment Date","2049-01-12",null,null,null,{"$f":"IFERROR(INDEX(AmortizationData, ROWS($H$20:H26) + Ref!$A$2 - 1, COLUMN(H26)-COLUMN($H$20)+1), \"\")","v":7},{"$f":"IFERROR(INDEX(AmortizationData, ROWS($H$20:I26) + Ref!$A$2 - 1, COLUMN(I26)-COLUMN($H$20)+1), \"\")","v":"2024-07-12"},{"$f":"IFERROR(INDEX(AmortizationData, ROWS($H$20:J26) + Ref!$A$2 - 1, COLUMN(J26)-COLUMN($H$20)+1), \"\")","v":247454.76512696187},{"$f":"IFERROR(INDEX(AmortizationData, ROWS($H$20:K26) + Ref!$A$2 - 1, COLUMN(K26)-COLUMN($H$20)+1), \"\")","v":1461.4751037699502},{"$f":"IFERROR(INDEX(AmortizationData, ROWS($H$20:L26) + Ref!$A$2 - 1, COLUMN(L26)-COLUMN($H$20)+1), \"\")","v":0},{"$f":"IFERROR(INDEX(AmortizationData, ROWS($H$20:M26) + Ref!$A$2 - 1, COLUMN(M26)-COLUMN($H$20)+1), \"\")","v":1461.4751037699502},{"$f":"IFERROR(INDEX(AmortizationData, ROWS($H$20:N26) + Ref!$A$2 - 1, COLUMN(N26)-COLUMN($H$20)+1), \"\")","v":430.41358240760906},{"$f":"IFERROR(INDEX(AmortizationData, ROWS($H$20:O26) + Ref!$A$2 - 1, COLUMN(O26)-COLUMN($H$20)+1), \"\")","v":1031.0615213623412},{"$f":"IFERROR(INDEX(AmortizationData, ROWS($H$20:P26) + Ref!$A$2 - 1, COLUMN(P26)-COLUMN($H$20)+1), \"\")","v":247024.35154455426},{"$f":"IFERROR(INDEX(AmortizationData, ROWS($H$20:Q26) + Ref!$A$2 - 1, COLUMN(Q26)-COLUMN($H$20)+1), \"\")","v":7254.677270943911}]
[null,null,null,null,null,null,null,{"$f":"IFERROR(INDEX(AmortizationData, ROWS($H$20:H27) + Ref!$A$2 - 1, COLUMN(H27)-COLUMN($H$20)+1), \"\")","v":8},{"$f":"IFERROR(INDEX(AmortizationData, ROWS($H$20:I27) + Ref!$A$2 - 1, COLUMN(I27)-COLUMN($H$20)+1), \"\")","v":"2024-08-12"},{"$f":"IFERROR(INDEX(AmortizationData, ROWS($H$20:J27) + Ref!$A$2 - 1, COLUMN(J27)-COLUMN($H$20)+1), \"\")","v":247024.35154455426},{"$f":"IFERROR(INDEX(AmortizationData, ROWS($H$20:K27) + Ref!$A$2 - 1, COLUMN(K27)-COLUMN($H$20)+1), \"\")","v":1461.4751037699502},{"$f":"IFERROR(INDEX(AmortizationData, ROWS($H$20:L27) + Ref!$A$2 - 1, COLUMN(L27)-COLUMN($H$20)+1), \"\")","v":0},{"$f":"IFERROR(INDEX(AmortizationData, ROWS($H$20:M27) + Ref!$A$2 - 1, COLUMN(M27)-COLUMN($H$20)+1), \"\")","v":1461.4751037699502},{"$f":"IFERROR(INDEX(AmortizationData, ROWS($H$20:N27) + Ref!$A$2 - 1, COLUMN(N27)-COLUMN($H$20)+1), \"\")","v":432.20697233430747},{"$f":"IFERROR(INDEX(AmortizationData, ROWS($H$20:O27) + Ref!$A$2 - 1, COLUMN(O27)-COLUMN($H$20)+1), \"\")","v":1029.2681314356428},{"$f":"IFERROR(INDEX(AmortizationData, ROWS($H$20:P27) + Ref!$A$2 - 1, COLUMN(P27)-COLUMN($H$20)+1), \"\")","v":246592.14457221996},{"$f":"IFERROR(INDEX(AmortizationData, ROWS($H$20:Q27) + Ref!$A$2 - 1, COLUMN(Q27)-COLUMN($H$20)+1), \"\")","v":8283.9454023795533}]
[null,null,null,null,null,null,null,{"$f":"IFERROR(INDEX(AmortizationData, ROWS($H$20:H28) + Ref!$A$2 - 1, COLUMN(H28)-COLUMN($H$20)+1), \"\")","v":9},{"$f":"IFERROR(INDEX(AmortizationData, ROWS($H$20:I28) + Ref!$A$2 - 1, COLUMN(I28)-COLUMN($H$20)+1), \"\")","v":"2024-09-12"},{"$f":"IFERROR(INDEX(AmortizationData, ROWS($H$20:J28) + Ref!$A$2 - 1, COLUMN(J28)-COLUMN($H$20)+1), \"\")","v":246592.14457221996},{"$f":"IFERROR(INDEX(AmortizationData, ROWS($H$20:K28) + Ref!$A$2 - 1, COLUMN(K28)-COLUMN($H$20)+1), \"\")","v":1461.4751037699502},{"$f":"IFERROR(INDEX(AmortizationData, ROWS($H$20:L28) + Ref!$A$2 - 1, COLUMN(L28)-COLUMN($H$20)+1), \"\")","v":0},{"$f":"IFERROR(INDEX(AmortizationData, ROWS($H$20:M28) + Ref!$A$2 - 1, COLUMN(M28)-COLUMN($H$20)+1), \"\")","v":1461.4751037699502},{"$f":"IFERROR(INDEX(AmortizationData, ROWS($H$20:N28) + Ref!$A$2 - 1, COLUMN(N28)-COLUMN($H$20)+1), \"\")","v":434.00783471903378},{"$f":"IFERROR(INDEX(AmortizationData, ROWS($H$20:O28) + Ref!$A$2 - 1, COLUMN(O28)-COLUMN($H$20)+1), \"\")","v":1027.4672690509165},{"$f":"IFERROR(INDEX(AmortizationData, ROWS($H$20:P28) + Ref!$A$2 - 1, COLUMN(P28)-COLUMN($H$20)+1), \"\")","v":246158.13673750093},{"$f":"IFERROR(INDEX(AmortizationData, ROWS($H$20:Q28) + Ref!$A$2 - 1, COLUMN(Q28)-COLUMN($H$20)+1), \"\")","v":9311.4126714304693}]
[null,null,null,null,null,null,null,{"$f":"IFERROR(INDEX(AmortizationData, ROWS($H$20:H29) + Ref!$A$2 - 1, COLUMN(H29)-COLUMN($H$20)+1), \"\")","v":10},{"$f":"IFERROR(INDEX(AmortizationData, ROWS($H$20:I29) + Ref!$A$2 - 1, COLUMN(I29)-COLUMN($H$20)+1), \"\")","v":"2024-10-12"},{"$f":"IFERROR(INDEX(AmortizationData, ROWS($H$20:J29) + Ref!$A$2 - 1, COLUMN(J29)-COLUMN($H$20)+1), \"\")","v":246158.13673750093},{"$f":"IFERROR(INDEX(AmortizationData, ROWS($H$20:K29) + Ref!$A$2 - 1, COLUMN(K29)-COLUMN($H$20)+1), \"\")","v":1461.4751037699502},{"$f":"IFERROR(INDEX(AmortizationData, ROWS($H$20:L29) + Ref!$A$2 - 1, COLUMN(L29)-COLUMN($H$20)+1), \"\")","v":0},{"$f":"IFERROR(INDEX(AmortizationData, ROWS($H$20:M29) + Ref!$A$2 - 1, COLUMN(M29)-COLUMN($H$20)+1), \"\")","v":1461.4751037699502},{"$f":"IFERROR(INDEX(AmortizationData, ROWS($H$20:N29) + Ref!$A$2 - 1, COLUMN(N29)-COLUMN($H$20)+1), \"\")","v":435.81620069702967},{"$f":"IFERROR(INDEX(AmortizationData, ROWS($H$20:O29) + Ref!$A$2 - 1, COLUMN(O29)-COLUMN($H$20)+1), \"\")","v":1025.6589030729206},{"$f":"IFERROR(INDEX(AmortizationData, ROWS($H$20:P29) + Ref!$A$2 - 1, COLUMN(P29)-COLUMN($H$20)+1), \"\")","v":245722.32053680389},{"$f":"IFERROR(INDEX(AmortizationData, ROWS($H$20:Q29) + Ref!$A$2 - 1, COLUMN(Q29)-COLUMN($H$20)+1), \"\")","v":10337.07157450339}]

{"sheet":"Amortization Schedule","index":1,"n_rows":305,"n_cols":10,"rows_kept":305,"cut":false,"hidden":false,"merged":[[3,0,3,9]]}
[]
[]
[]
["Mortgage Amortization Schedule"]
["Payment Number","Payment Date","Start Balance","Scheduled Payment","Additional Payment Made","Total Payment","Principal Portion of Payment","Interest Portion of Payment","End Balance","Cumulative Interest Paid"]
[1,"2024-01-12",250000,1461.4751037699502,0,1461.4751037699502,419.8084371032835,1041.6666666666667,249580.19156289671,1041.6666666666667]
[2,"2024-02-12",249580.19156289671,1461.4751037699502,0,1461.4751037699502,421.55763892454729,1039.9174648454029,249158.63392397217,2081.5841315120697]
[3,"2024-03-12",249158.63392397217,1461.4751037699502,0,1461.4751037699502,423.31412908673269,1038.1609746832175,248735.31979488544,3119.745106195287]
[4,"2024-04-12",248735.31979488544,1461.4751037699502,0,1461.4751037699502,425.07793795792759,1036.3971658120226,248310.24185692752,4156.1422720073097]
[5,"2024-05-12",248310.24185692752,1461.4751037699502,0,1461.4751037699502,426.84909603275219,1034.6260077371981,247883.39276089476,5190.7682797445077]
[6,"2024-06-12",247883.39276089476,1461.4751037699502,0,1461.4751037699502,428.62763393288878,1032.8474698370615,247454.76512696187,6223.6157495815696]
[7,"2024-07-12",247454.76512696187,1461.4751037699502,0,1461.4751037699502,430.41358240760906,1031.0615213623412,247024.35154455426,7254.677270943911]
[8,"2024-08-12",247024.35154455426,1461.4751037699502,0,1461.4751037699502,432.20697233430747,1029.2681314356428,246592.14457221996,8283.9454023795533]
[9,"2024-09-12",246592.14457221996,1461.4751037699502,0,1461.4751037699502,434.00783471903378,1027.4672690509165,246158.13673750093,9311.4126714304693]
[10,"2024-10-12",246158.13673750093,1461.4751037699502,0,1461.4751037699502,435.81620069702967,1025.6589030729206,245722.32053680389,10337.07157450339]
[11,"2024-11-12",245722.32053680389,1461.4751037699502,0,1461.4751037699502,437.63210153326736,1023.8430022366829,245284.68843527063,11360.914576740073]
[12,"2024-12-12",245284.68843527063,1461.4751037699502,0,1461.4751037699502,439.45556862298929,1022.0195351469609,244845.23286664762,12382.934111887034]
[13,"2025-01-12",244845.23286664762,1461.4751037699502,0,1461.4751037699502,441.28663349225178,1020.1884702776985,244403.94623315538,13403.122582164733]
[14,"2025-02-12",244403.94623315538,1461.4751037699502,0,1461.4751037699502,443.12532779846947,1018.3497759714808,243960.8209053569,14421.472358136214]
[15,"2025-03-12",243960.8209053569,1461.4751037699502,0,1461.4751037699502,444.97168333096306,1016.5034204389872,243515.84922202595,15437.975778575201]
[16,"2025-04-12",243515.84922202595,1461.4751037699502,0,1461.4751037699502,446.82573201150876,1014.6493717584415,243069.02349001443,16452.625150333643]
[17,"2025-05-12",243069.02349001443,1461.4751037699502,0,1461.4751037699502,448.68750589489002,1012.7875978750602,242620.33598411953,17465.412748208702]
[18,"2025-06-12",242620.33598411953,1461.4751037699502,0,1461.4751037699502,450.55703716945209,1010.9180666004982,242169.77894695007,18476.3308148092]
[19,"2025-07-12",242169.77894695007,1461.4751037699502,0,1461.4751037699502,452.43435815765827,1009.040745612292,241717.34458879242,19485.371560421492]
[20,"2025-08-12",241717.34458879242,1461.4751037699502,0,1461.4751037699502,454.31950131664848,1007.1556024533018,241263.02508747578,20492.527162874794]
[21,"2025-09-12",241263.02508747578,1461.4751037699502,0,1461.4751037699502,456.21249923880112,1005.2626045311491,240806.81258823696,21497.789767405942]
[22,"2025-10-12",240806.81258823696,1461.4751037699502,0,1461.4751037699502,458.11338465229619,1003.361719117654,240348.69920358466,22501.151486523595]
[23,"2025-11-12",240348.69920358466,1461.4751037699502,0,1461.4751037699502,460.02219042168076,1001.4529133482695,239888.67701316299,23502.604399871863]
[24,"2025-12-12",239888.67701316299,1461.4751037699502,0,1461.4751037699502,461.93894954843768,999.53615422151256,239426.73806361455,24502.140554093377]
[25,"2026-01-12",239426.73806361455,1461.4751037699502,0,1461.4751037699502,463.86369517155617,997.61140859839406,238962.87436844301,25499.751962691771]
[26,"2026-02-12",238962.87436844301,1461.4751037699502,0,1461.4751037699502,465.79646056810429,995.67864320184594,238497.07790787492,26495.430605893616]
[27,"2026-03-12",238497.07790787492,1461.4751037699502,0,1461.4751037699502,467.73727915380471,993.73782461614553,238029.34062872111,27489.168430509762]
[28,"2026-04-12",238029.34062872111,1461.4751037699502,0,1461.4751037699502,469.68618448361224,991.788919286338,237559.6544442375,28480.957349796099]
[29,"2026-05-12",237559.6544442375,1461.4751037699502,0,1461.4751037699502,471.6432102522939,989.83189351765634,237088.01123398522,29470.789243313757]
[30,"2026-06-12",237088.01123398522,1461.4751037699502,0,1461.4751037699502,473.60839029501176,987.86671347493848,236614.40284369022,30458.655956788694]
[31,"2026-07-12",236614.40284369022,1461.4751037699502,0,1461.4751037699502,475.58175858790764,985.89334518204259,236138.8210851023,31444.549301970736]
[32,"2026-08-12",236138.8210851023,1461.4751037699502,0,1461.4751037699502,477.56334924869054,983.9117545212597,235661.25773585361,32428.461056491997]
[33,"2026-09-12",235661.25773585361,1461.4751037699502,0,1461.4751037699502,479.55319653722677,981.92190723272347,235181.70453931639,33410.382963724718]
[34,"2026-10-12",235181.70453931639,1461.4751037699502,0,1461.4751037699502,481.55133485613192,979.92376891381832,234700.15320446025,34390.306732638535]
[35,"2026-11-12",234700.15320446025,1461.4751037699502,0,1461.4751037699502,483.55779875136579,977.91730501858444,234216.59540570888,35368.224037657121]
[36,"2026-12-12",234216.59540570888,1461.4751037699502,0,1461.4751037699502,485.57262291282984,975.90248085712039,233731.02278279606,36344.12651851424]
[37,"2027-01-12",233731.02278279606,1461.4751037699502,0,1461.4751037699502,487.59584217496661,973.87926159498363,233243.42694062111,37318.005780109226]
[38,"2027-02-12",233243.42694062111,1461.4751037699502,0,1461.4751037699502,489.62749151736227,971.84761225258796,232753.79944910374,38289.853392361816]
[39,"2027-03-12",232753.79944910374,1461.4751037699502,0,1461.4751037699502,491.66760606535126,969.80749770459897,232262.1318430384,39259.660890066414]
[40,"2027-04-12",232262.1318430384,1461.4751037699502,0,1461.4751037699502,493.71622109062355,967.75888267932669,231768.41562194779,40227.419772745743]
[41,"2027-05-12",231768.41562194779,1461.4751037699502,0,1461.4751037699502,495.77337201183445,965.70173175811578,231272.64224993595,41193.121504503855]
[42,"2027-06-12",231272.64224993595,1461.4751037699502,0,1461.4751037699502,497.8390943952171,963.63600937473313,230774.80315554072,42156.757513878591]
[43,"2027-07-12",230774.80315554072,1461.4751037699502,0,1461.4751037699502,499.91342395519723,961.56167981475301,230274.88973158551,43118.319193693344]
[44,"2027-08-12",230274.88973158551,1461.4751037699502,0,1461.4751037699502,501.99639655501051,959.47870721493973,229772.8933350305,44077.797900908285]
[45,"2027-09-12",229772.8933350305,1461.4751037699502,0,1461.4751037699502,504.08804820732314,957.3870555626271,229268.80528682319,45035.184956470912]
[46,"2027-10-12",229268.80528682319,1461.4751037699502,0,1461.4751037699502,506.18841507485354,955.2866886950967,228762.61687174832,45990.471645166006]
[47,"2027-11-12",228762.61687174832,1461.4751037699502,0,1461.4751037699502,508.29753347099881,953.17757029895142,228254.31933827733,46943.64921546496]
[48,"2027-12-12",228254.31933827733,1461.4751037699502,0,1461.4751037699502,510.41543986046133,951.0596639094889,227743.90389841687,47894.708879374448]
[49,"2028-01-12",227743.90389841687,1461.4751037699502,0,1461.4751037699502,512.54217085987989,948.93293291007035,227231.361727557,48843.641812284521]
[50,"2028-02-12",227231.361727557,1461.4751037699502,0,1461.4751037699502,514.67776323846272,946.79734053148752,226716.68396431854,49790.439152816005]
[51,"2028-03-12",226716.68396431854,1461.4751037699502,0,1461.4751037699502,516.82225391862289,944.65284985132735,226199.86171039991,50735.092002667334]
[52,"2028-04-12",226199.86171039991,1461.4751037699502,0,1461.4751037699502,518.97567997661724,942.49942379333299,225680.88603042331,51677.591426460669]
[53,"2028-05-12",225680.88603042331,1461.4751037699502,0,1461.4751037699502,521.13807864318642,940.33702512676382,225159.74795178013,52617.928451587431]
[54,"2028-06-12",225159.74795178013,1461.4751037699502,0,1461.4751037699502,523.30948730419971,938.16561646575053,224636.43846447591,53556.094068053178]
[55,"2028-07-12",224636.43846447591,1461.4751037699502,0,1461.4751037699502,525.48994350130056,935.98516026864968,224110.94852097461,54492.079228321825]
[56,"2028-08-12",224110.94852097461,1461.4751037699502,0,1461.4751037699502,527.67948493255597,933.79561883739427,223583.26903604204,55425.874847159219]
[57,"2028-09-12",223583.26903604204,1461.4751037699502,0,1461.4751037699502,529.87814945310834,931.5969543168419,223053.39088658892,56357.471801476058]
[58,"2028-10-12",223053.39088658892,1461.4751037699502,0,1461.4751037699502,532.08597507582965,929.38912869412059,222521.30491151309,57286.86093017018]
[59,"2028-11-12",222521.30491151309,1461.4751037699502,0,1461.4751037699502,534.30299997197903,927.1721037979712,221987.0019115411,58214.033033968153]
[60,"2028-12-12",221987.0019115411,1461.4751037699502,0,1461.4751037699502,536.52926247186224,924.945841298088,221450.47264906924,59138.978875266243]
[61,"2029-01-12",221450.47264906924,1461.4751037699502,0,1461.4751037699502,538.76480106549502,922.71030270445522,220911.70784800375,60061.6891779707]
[62,"2029-02-12",220911.70784800375,1461.4751037699502,0,1461.4751037699502,541.00965440326786,920.46544936668238,220370.69819360049,60982.154627337382]
[63,"2029-03-12",220370.69819360049,1461.4751037699502,0,1461.4751037699502,543.26386129661478,918.21124247333546,219827.43433230388,61900.365869810717]
[64,"2029-04-12",219827.43433230388,1461.4751037699502,0,1461.4751037699502,545.52746071868398,915.94764305126625,219281.9068715852,62816.313512861983]
[65,"2029-05-12",219281.9068715852,1461.4751037699502,0,1461.4751037699502,547.8004918050118,913.67461196493844,218734.10637978019,63729.988124826923]
[66,"2029-06-12",218734.10637978019,1461.4751037699502,0,1461.4751037699502,550.08299385419934,911.39210991575089,218184.023385926,64641.380234742675]
[67,"2029-07-12",218184.023385926,1461.4751037699502,0,1461.4751037699502,552.37500632859178,909.10009744135846,217631.64837959741,65550.48033218403]
[68,"2029-08-12",217631.64837959741,1461.4751037699502,0,1461.4751037699502,554.67656885496103,906.7985349149892,217076.97181074246,66457.278867099012]
[69,"2029-09-12",217076.97181074246,1461.4751037699502,0,1461.4751037699502,556.98772122518994,904.48738254476029,216519.98408951727,67361.76624964377]
[70,"2029-10-12",216519.98408951727,1461.4751037699502,0,1461.4751037699502,559.30850339696156,902.16660037298868,215960.67558612031,68263.932850016761]
[71,"2029-11-12",215960.67558612031,1461.4751037699502,0,1461.4751037699502,561.63895549444885,899.83614827550139,215399.03663062587,69163.76899829226]
[72,"2029-12-12",215399.03663062587,1461.4751037699502,0,1461.4751037699502,563.97911780900904,897.4959859609412,214835.05751281686,70061.264984253197]
[73,"2030-01-12",214835.05751281686,1461.4751037699502,0,1461.4751037699502,566.32903079988,895.14607297007024,214268.72848201697,70956.411057223275]
[74,"2030-02-12",214268.72848201697,1461.4751037699502,0,1461.4751037699502,568.68873509487946,892.78636867507078,213700.03974692209,71849.197425898339]
[75,"2030-03-12",213700.03974692209,1461.4751037699502,0,1461.4751037699502,571.05827149110814,890.41683227884209,213128.98147543098,72739.614258177186]
[76,"2030-04-12",213128.98147543098,1461.4751037699502,0,1461.4751037699502,573.4376809556544,888.03742281429584,212555.54379447532,73627.651680991476]
[77,"2030-05-12",212555.54379447532,1461.4751037699502,0,1461.4751037699502,575.82700462630305,885.64809914364719,211979.71678984902,74513.299780135116]
[78,"2030-06-12",211979.71678984902,1461.4751037699502,0,1461.4751037699502,578.22628381224592,883.24881995770431,211401.49050603676,75396.548600092821]
[79,"2030-07-12",211401.49050603676,1461.4751037699502,0,1461.4751037699502,580.63555999479706,880.83954377515317,210820.85494604197,76277.388143867967]
[80,"2030-08-12",210820.85494604197,1461.4751037699502,0,1461.4751037699502,583.05487482810861,878.42022894184163,210237.80007121386,77155.808372809814]
[81,"2030-09-12",210237.80007121386,1461.4751037699502,0,1461.4751037699502,585.48427013989249,875.99083363005775,209652.31580107397,78031.799206439871]
[82,"2030-10-12",209652.31580107397,1461.4751037699502,0,1461.4751037699502,587.92378793214198,873.55131583780826,209064.39201314183,78905.350522277673]
[83,"2030-11-12",209064.39201314183,1461.4751037699502,0,1461.4751037699502,590.37347038185919,871.10163338809105,208474.01854275996,79776.452155665771]
[84,"2030-12-12",208474.01854275996,1461.4751037699502,0,1461.4751037699502,592.8333598417837,868.64174392816653,207881.18518291818,80645.093899593936]
[85,"2031-01-12",207881.18518291818,1461.4751037699502,0,1461.4751037699502,595.30349884112445,866.17160492882579,207285.88168407706,81511.265504522758]
[86,"2031-02-12",207285.88168407706,1461.4751037699502,0,1461.4751037699502,597.78393008629575,863.69117368365448,206688.09775399076,82374.956678206407]
[87,"2031-03-12",206688.09775399076,1461.4751037699502,0,1461.4751037699502,600.27469646165537,861.20040730829487,206087.82305752911,83236.1570855147]
[88,"2031-04-12",206087.82305752911,1461.4751037699502,0,1461.4751037699502,602.7758410302456,858.69926273970464,205485.04721649888,84094.856348254398]
[89,"2031-05-12",205485.04721649888,1461.4751037699502,0,1461.4751037699502,605.28740703453821,856.18769673541203,204879.75980946433,84951.044044989816]
[90,"2031-06-12",204879.75980946433,1461.4751037699502,0,1461.4751037699502,607.80943789718219,853.66566587276805,204271.95037156716,85804.709710862589]
[91,"2031-07-12",204271.95037156716,1461.4751037699502,0,1461.4751037699502,610.34197722175372,851.13312654819651,203661.60839434541,86655.84283741079]
[92,"2031-08-12",203661.60839434541,1461.4751037699502,0,1461.4751037699502,612.88506879351098,848.59003497643926,203048.72332555189,87504.432872387231]
[93,"2031-09-12",203048.72332555189,1461.4751037699502,0,1461.4751037699502,615.43875658015065,846.03634718979959,202433.28456897175,88350.469219577033]
[94,"2031-10-12",202433.28456897175,1461.4751037699502,0,1461.4751037699502,618.00308473256791,843.47201903738232,201815.28148423918,89193.94123861441]
[95,"2031-11-12",201815.28148423918,1461.4751037699502,0,1461.4751037699502,620.5780975856203,840.89700618432994,201194.70338665356,90034.838244798739]
[96,"2031-12-12",201194.70338665356,1461.4751037699502,0,1461.4751037699502,623.16383965889372,838.31126411105652,200571.53954699467,90873.149508909788]
[97,"2032-01-12",200571.53954699467,1461.4751037699502,0,1461.4751037699502,625.76035565747236,835.71474811247788,199945.77919133721,91708.864257022273]
[98,"2032-02-12",199945.77919133721,1461.4751037699502,0,1461.4751037699502,628.36769047271184,833.10741329723839,199317.41150086449,92541.971670319515]
[99,"2032-03-12",199317.41150086449,1461.4751037699502,0,1461.4751037699502,630.98588918301482,830.48921458693542,198686.42561168148,93372.460884906453]
[100,"2032-04-12",198686.42561168148,1461.4751037699502,0,1461.4751037699502,633.61499705461074,827.8601067153395,198052.81061462685,94200.320991621789]
[101,"2032-05-12",198052.81061462685,1461.4751037699502,0,1461.4751037699502,636.25505954233824,825.22004422761199,197416.55555508452,95025.541035849397]
[102,"2032-06-12",197416.55555508452,1461.4751037699502,0,1461.4751037699502,638.90612229043143,822.56898147951881,196777.64943279407,95848.110017328916]
[103,"2032-07-12",196777.64943279407,1461.4751037699502,0,1461.4751037699502,641.56823113330825,819.90687263664199,196136.08120166077,96668.016889965555]
[104,"2032-08-12",196136.08120166077,1461.4751037699502,0,1461.4751037699502,644.24143209636361,817.23367167358663,195491.83976956439,97485.250561639143]
[105,"2032-09-12",195491.83976956439,1461.4751037699502,0,1461.4751037699502,646.92577139676519,814.54933237318505,194844.91399816764,98299.799894012322]
[106,"2032-10-12",194844.91399816764,1461.4751037699502,0,1461.4751037699502,649.6212954442517,811.85380832569854,194195.29270272338,99111.653702338022]
[107,"2032-11-12",194195.29270272338,1461.4751037699502,0,1461.4751037699502,652.32805084193615,809.14705292801409,193542.96465188146,99920.800755266042]
[108,"2032-12-12",193542.96465188146,1461.4751037699502,0,1461.4751037699502,655.0460843871108,806.42901938283944,192887.91856749434,100727.22977464888]
[109,"2033-01-12",192887.91856749434,1461.4751037699502,0,1461.4751037699502,657.7754430720571,803.69966069789314,192230.14312442229,101530.92943534677]
[110,"2033-02-12",192230.14312442229,1461.4751037699502,0,1461.4751037699502,660.51617408485731,800.95892968509293,191569.62695033744,102331.88836503186]
[111,"2033-03-12",191569.62695033744,1461.4751037699502,0,1461.4751037699502,663.26832481021086,798.20677895973938,190906.35862552724,103130.0951439916]
[112,"2033-04-12",190906.35862552724,1461.4751037699502,0,1461.4751037699502,666.03194283025334,795.4431609396969,190240.32668269699,103925.53830493129]
[113,"2033-05-12",190240.32668269699,1461.4751037699502,0,1461.4751037699502,668.80707592537942,792.66802784457082,189571.51960677162,104718.20633277587]
[114,"2033-06-12",189571.51960677162,1461.4751037699502,0,1461.4751037699502,671.5937720750685,789.88133169488174,188899.92583469654,105508.08766447075]
[115,"2033-07-12",188899.92583469654,1461.4751037699502,0,1461.4751037699502,674.39207945871465,787.08302431123559,188225.53375523782,106295.17068878197]
[116,"2033-08-12",188225.53375523782,1461.4751037699502,0,1461.4751037699502,677.20204645645924,784.27305731349099,187548.33170878136,107079.44374609547]
[117,"2033-09-12",187548.33170878136,1461.4751037699502,0,1461.4751037699502,680.02372165002782,781.45138211992241,186868.30798713132,107860.89512821539]
[118,"2033-10-12",186868.30798713132,1461.4751037699502,0,1461.4751037699502,682.85715382356966,778.61794994638058,186185.45083330775,108639.51307816176]
[119,"2033-11-12",186185.45083330775,1461.4751037699502,0,1461.4751037699502,685.7023919645012,775.77271180544903,185499.74844134325,109415.28578996721]
[120,"2033-12-12",185499.74844134325,1461.4751037699502,0,1461.4751037699502,688.55948526435327,772.91561850559697,184811.1889560789,110188.2014084728]
[121,"2034-01-12",184811.1889560789,1461.4751037699502,0,1461.4751037699502,691.42848311962143,770.0466206503288,184119.76047295929,110958.24802912313]
[122,"2034-02-12",184119.76047295929,1461.4751037699502,0,1461.4751037699502,694.3094351326198,767.16566863733044,183425.45103782666,111725.41369776046]
[123,"2034-03-12",183425.45103782666,1461.4751037699502,0,1461.4751037699502,697.20239111233911,764.27271265761112,182728.24864671432,112489.68641041807]
[124,"2034-04-12",182728.24864671432,1461.4751037699502,0,1461.4751037699502,700.10740107530717,761.36770269464307,182028.14124563901,113251.05411311271]
[125,"2034-05-12",182028.14124563901,1461.4751037699502,0,1461.4751037699502,703.02451524645437,758.45058852349587,181325.11673039256,114009.50470163621]
[126,"2034-06-12",181325.11673039256,1461.4751037699502,0,1461.4751037699502,705.95378405998122,755.52131970996902,180619.16294633257,114765.02602134617]
[127,"2034-07-12",180619.16294633257,1461.4751037699502,0,1461.4751037699502,708.89525816023115,752.57984560971909,179910.26768817235,115517.6058669559]
[128,"2034-08-12",179910.26768817235,1461.4751037699502,0,1461.4751037699502,711.8489884025654,749.62611536738484,179198.41869976977,116267.23198232328]
[129,"2034-09-12",179198.41869976977,1461.4751037699502,0,1461.4751037699502,714.81502585424278,746.66007791570746,178483.60367391552,117013.89206023898]
[130,"2034-10-12",178483.60367391552,1461.4751037699502,0,1461.4751037699502,717.79342179530215,743.68168197464809,177765.81025212022,117757.57374221363]
[131,"2034-11-12",177765.81025212022,1461.4751037699502,0,1461.4751037699502,720.78422771944929,740.69087605050095,177045.02602440078,118498.26461826413]
[132,"2034-12-12",177045.02602440078,1461.4751037699502,0,1461.4751037699502,723.78749533494693,737.68760843500331,176321.23852906583,119235.95222669914]
[133,"2035-01-12",176321.23852906583,1461.4751037699502,0,1461.4751037699502,726.80327656550924,734.671827204441,175594.43525250032,119970.62405390358]
[134,"2035-02-12",175594.43525250032,1461.4751037699502,0,1461.4751037699502,729.83162355119885,731.64348021875139,174864.60362894912,120702.26753412234]
[135,"2035-03-12",174864.60362894912,1461.4751037699502,0,1461.4751037699502,732.87258864932892,728.60251512062132,174131.73104029978,121430.87004924296]
[136,"2035-04-12",174131.73104029978,1461.4751037699502,0,1461.4751037699502,735.92622443536777,725.54887933458247,173395.80481586442,122156.41892857755]
[137,"2035-05-12",173395.80481586442,1461.4751037699502,0,1461.4751037699502,738.99258370384848,722.48252006610176,172656.81223216056,122878.90144864365]
[138,"2035-06-12",172656.81223216056,1461.4751037699502,0,1461.4751037699502,742.07171946928122,719.40338430066902,171914.74051269129,123598.30483294431]
[139,"2035-07-12",171914.74051269129,1461.4751037699502,0,1461.4751037699502,745.1636849670698,716.31141880288044,171169.57682772423,124314.6162517472]
[140,"2035-08-12",171169.57682772423,1461.4751037699502,0,1461.4751037699502,748.26853365443253,713.20657011551771,170421.30829406981,125027.82282186272]
[141,"2035-09-12",170421.30829406981,1461.4751037699502,0,1461.4751037699502,751.38631921132605,710.08878455862418,169669.92197485847,125737.91160642134]
[142,"2035-10-12",169669.92197485847,1461.4751037699502,0,1461.4751037699502,754.51709554137324,706.958008228577,168915.4048793171,126444.86961464993]
[143,"2035-11-12",168915.4048793171,1461.4751037699502,0,1461.4751037699502,757.66091677279564,703.81418699715459,168157.74396254431,127148.68380164709]
[144,"2035-12-12",168157.74396254431,1461.4751037699502,0,1461.4751037699502,760.81783725934895,700.65726651060129,167396.92612528495,127849.34106815769]
[145,"2036-01-12",167396.92612528495,1461.4751037699502,0,1461.4751037699502,763.98791158126289,697.48719218868735,166632.93821370369,128546.82826034637]
[146,"2036-02-12",166632.93821370369,1461.4751037699502,0,1461.4751037699502,767.17119454618478,694.30390922376546,165865.7670191575,129241.13216957013]
[147,"2036-03-12",165865.7670191575,1461.4751037699502,0,1461.4751037699502,770.36774119012728,691.10736257982296,165095.39927796737,129932.23953214995]
[148,"2036-04-12",165095.39927796737,1461.4751037699502,0,1461.4751037699502,773.57760677841952,687.89749699153072,164321.82167118895,130620.13702914148]
[149,"2036-05-12",164321.82167118895,1461.4751037699502,0,1461.4751037699502,776.80084680666289,684.67425696328735,163545.02082438229,131304.81128610476]
[150,"2036-06-12",163545.02082438229,1461.4751037699502,0,1461.4751037699502,780.03751700169073,681.43758676825951,162764.98330738061,131986.24887287302]
[151,"2036-07-12",162764.98330738061,1461.4751037699502,0,1461.4751037699502,783.28767332253096,678.18743044741927,161981.69563405807,132664.43630332046]
[152,"2036-08-12",161981.69563405807,1461.4751037699502,0,1461.4751037699502,786.55137196137491,674.92373180857533,161195.1442620967,133339.36003512904]
[153,"2036-09-12",161195.1442620967,1461.4751037699502,0,1461.4751037699502,789.82866934454728,671.64643442540296,160405.31559275216,134011.00646955444]
[154,"2036-10-12",160405.31559275216,1461.4751037699502,0,1461.4751037699502,793.11962213348284,668.3554816364674,159612.19597061869,134679.36195119092]
[155,"2036-11-12",159612.19597061869,1461.4751037699502,0,1461.4751037699502,796.42428722570571,665.05081654424453,158815.77168339299,135344.41276773516]
[156,"2036-12-12",158815.77168339299,1461.4751037699502,0,1461.4751037699502,799.74272175581279,661.73238201413744,158016.02896163717,136006.1451497493]
[157,"2037-01-12",158016.02896163717,1461.4751037699502,0,1461.4751037699502,803.07498309646201,658.40012067348823,157212.95397854073,136664.54527042279]
[158,"2037-02-12",157212.95397854073,1461.4751037699502,0,1461.4751037699502,806.42112885936388,655.05397491058636,156406.53284968136,137319.59924533337]
[159,"2037-03-12",156406.53284968136,1461.4751037699502,0,1461.4751037699502,809.7812168962779,651.69388687367234,155596.75163278508,137971.29313220704]
[160,"2037-04-12",155596.75163278508,1461.4751037699502,0,1461.4751037699502,813.1553053000124,648.31979846993784,154783.59632748505,138619.61293067699]
[161,"2037-05-12",154783.59632748505,1461.4751037699502,0,1461.4751037699502,816.54345240542921,644.93165136452103,153967.05287507962,139264.5445820415]
[162,"2037-06-12",153967.05287507962,1461.4751037699502,0,1461.4751037699502,819.9457167904518,641.52938697949844,153147.10715828917,139906.073969021]
[163,"2037-07-12",153147.10715828917,1461.4751037699502,0,1461.4751037699502,823.36215727707861,638.11294649287163,152323.74500101211,140544.18691551388]
[164,"2037-08-12",152323.74500101211,1461.4751037699502,0,1461.4751037699502,826.79283293239973,634.6822708375505,151496.9521680797,141178.86918635143]
[165,"2037-09-12",151496.9521680797,1461.4751037699502,0,1461.4751037699502,830.23780306961805,631.23730070033218,150666.71436501009,141810.10648705176]
[166,"2037-10-12",150666.71436501009,1461.4751037699502,0,1461.4751037699502,833.69712724907481,627.77797652087543,149833.01723776103,142437.88446357264]
[167,"2037-11-12",149833.01723776103,1461.4751037699502,0,1461.4751037699502,837.17086527927927,624.30423849067097,148995.84637248176,143062.18870206331]
[168,"2037-12-12",148995.84637248176,1461.4751037699502,0,1461.4751037699502,840.65907721794292,620.81602655200732,148155.18729526381,143683.00472861531]
[169,"2038-01-12",148155.18729526381,1461.4751037699502,0,1461.4751037699502,844.16182337301768,617.31328039693256,147311.02547189078,144300.31800901223]
[170,"2038-02-12",147311.02547189078,1461.4751037699502,0,1461.4751037699502,847.67916430373862,613.79593946621162,146463.34630758705,144914.11394847845]
[171,"2038-03-12",146463.34630758705,1461.4751037699502,0,1461.4751037699502,851.21116082167077,610.26394294827946,145612.13514676539,145524.37789142673]
[172,"2038-04-12",145612.13514676539,1461.4751037699502,0,1461.4751037699502,854.75787399176113,606.71722977818911,144757.37727277362,146131.09512120491]
[173,"2038-05-12",144757.37727277362,1461.4751037699502,0,1461.4751037699502,858.31936513339349,603.15573863655675,143899.05790764024,146734.25085984147]
[174,"2038-06-12",143899.05790764024,1461.4751037699502,0,1461.4751037699502,861.89569582144918,599.57940794850106,143037.1622118188,147333.83026778998]
[175,"2038-07-12",143037.1622118188,1461.4751037699502,0,1461.4751037699502,865.48692788737185,595.98817588257839,142171.67528393143,147929.81844367256]
[176,"2038-08-12",142171.67528393143,1461.4751037699502,0,1461.4751037699502,869.09312342023588,592.38198034971435,141302.5821605112,148522.20042402227]
[177,"2038-09-12",141302.5821605112,1461.4751037699502,0,1461.4751037699502,872.71434476782019,588.76075900213004,140429.86781574338,149110.9611830244]
[178,"2038-10-12",140429.86781574338,1461.4751037699502,0,1461.4751037699502,876.35065453768618,585.12444923226406,139553.5171612057,149696.08563225667]
[179,"2038-11-12",139553.5171612057,1461.4751037699502,0,1461.4751037699502,880.00211559825982,581.47298817169042,138673.51504560743,150277.55862042835]
[180,"2038-12-12",138673.51504560743,1461.4751037699502,0,1461.4751037699502,883.66879107991929,577.80631269003095,137789.84625452751,150855.36493311837]
[181,"2039-01-12",137789.84625452751,1461.4751037699502,0,1461.4751037699502,887.35074437608557,574.12435939386467,136902.49551015144,151429.48929251224]
[182,"2039-02-12",136902.49551015144,1461.4751037699502,0,1461.4751037699502,891.0480391443192,570.42706462563103,136011.44747100712,151999.91635713787]
[183,"2039-03-12",136011.44747100712,1461.4751037699502,0,1461.4751037699502,894.76073930742052,566.71436446252972,135116.68673169971,152566.63072160041]
[184,"2039-04-12",135116.68673169971,1461.4751037699502,0,1461.4751037699502,898.4889090545347,562.98619471541554,134218.19782264516,153129.61691631583]
[185,"2039-05-12",134218.19782264516,1461.4751037699502,0,1461.4751037699502,902.23261284226203,559.24249092768821,133315.9652098029,153688.85940724352]
[186,"2039-06-12",133315.9652098029,1461.4751037699502,0,1461.4751037699502,905.99191539577146,555.48318837417878,132409.97329440713,154244.34259561769]
[187,"2039-07-12",132409.97329440713,1461.4751037699502,0,1461.4751037699502,909.76688170992054,551.7082220600297,131500.20641269721,154796.05081767772]
[188,"2039-08-12",131500.20641269721,1461.4751037699502,0,1461.4751037699502,913.55757705037854,547.9175267195717,130586.64883564683,155343.96834439729]
[189,"2039-09-12",130586.64883564683,1461.4751037699502,0,1461.4751037699502,917.36406695475512,544.11103681519512,129669.28476869207,155888.07938121248]
[190,"2039-10-12",129669.28476869207,1461.4751037699502,0,1461.4751037699502,921.18641723373321,540.28868653621703,128748.09835145833,156428.3680677487]
[191,"2039-11-12",128748.09835145833,1461.4751037699502,0,1461.4751037699502,925.02469397220716,536.45040979774308,127823.07365748612,156964.81847754645]
[192,"2039-12-12",127823.07365748612,1461.4751037699502,0,1461.4751037699502,928.8789635304247,532.59614023952554,126894.19469395569,157497.41461778598]
[193,"2040-01-12",126894.19469395569,1461.4751037699502,0,1461.4751037699502,932.74929254513484,528.7258112248154,125961.44540141056,158026.14042901079]
[194,"2040-02-12",125961.44540141056,1461.4751037699502,0,1461.4751037699502,936.63574793073951,524.83935583921073,125024.80965347982,158550.97978485]
[195,"2040-03-12",125024.80965347982,1461.4751037699502,0,1461.4751037699502,940.53839688045093,520.93670688949931,124084.27125659937,159071.91649173951]
[196,"2040-04-12",124084.27125659937,1461.4751037699502,0,1461.4751037699502,944.45730686745287,517.01779690249737,123139.81394973192,159588.93428864202]
[197,"2040-05-12",123139.81394973192,1461.4751037699502,0,1461.4751037699502,948.39254564606722,513.08255812388302,122191.42140408585,160102.01684676591]
[198,"2040-06-12",122191.42140408585,1461.4751037699502,0,1461.4751037699502,952.34418125292586,509.13092251702437,121239.07722283293,160611.14776928292]
[199,"2040-07-12",121239.07722283293,1461.4751037699502,0,1461.4751037699502,956.31228200814633,505.16282176180391,120282.76494082478,161116.31059104472]
[200,"2040-08-12",120282.76494082478,1461.4751037699502,0,1461.4751037699502,960.29691651651365,501.17818725343659,119322.46802430827,161617.48877829817]
[201,"2040-09-12",119322.46802430827,1461.4751037699502,0,1461.4751037699502,964.29815366866569,497.17695010128449,118358.1698706396,162114.66572839944]
[202,"2040-10-12",118358.1698706396,1461.4751037699502,0,1461.4751037699502,968.31606264228526,493.15904112766503,117389.85380799731,162607.8247695271]
[203,"2040-11-12",117389.85380799731,1461.4751037699502,0,1461.4751037699502,972.35071290329483,489.12439086665546,116417.50309509401,163096.94916039376]
[204,"2040-12-12",116417.50309509401,1461.4751037699502,0,1461.4751037699502,976.40217420705847,485.07292956289177,115441.10092088695,163582.02208995665]
[205,"2041-01-12",115441.10092088695,1461.4751037699502,0,1461.4751037699502,980.47051659958788,481.0045871703623,114460.63040428737,164063.026677127]
[206,"2041-02-12",114460.63040428737,1461.4751037699502,0,1461.4751037699502,984.5558104187528,476.91929335119738,113476.07459386862,164539.94597047821]
[207,"2041-03-12",113476.07459386862,1461.4751037699502,0,1461.4751037699502,988.6581262954976,472.81697747445259,112487.41646757312,165012.76294795267]
[208,"2041-04-12",112487.41646757312,1461.4751037699502,0,1461.4751037699502,992.7775351550622,468.69756861488798,111494.63893241805,165481.46051656755]
[209,"2041-05-12",111494.63893241805,1461.4751037699502,0,1461.4751037699502,996.91410821820841,464.56099555174188,110497.72482419985,165946.02151211927]
[210,"2041-06-12",110497.72482419985,1461.4751037699502,0,1461.4751037699502,1001.0679170024508,460.40718676749941,109496.65690719739,166406.42869888677]
[211,"2041-07-12",109496.65690719739,1461.4751037699502,0,1461.4751037699502,1005.2390333232944,456.23607044665584,108491.4178738741,166862.66476933344]
[212,"2041-08-12",108491.4178738741,1461.4751037699502,0,1461.4751037699502,1009.4275292954748,452.04757447447548,107481.99034457863,167314.71234380791]
[213,"2041-09-12",107481.99034457863,1461.4751037699502,0,1461.4751037699502,1013.633477334206,447.84162643574433,106468.35686724442,167762.55397024367]
[214,"2041-10-12",106468.35686724442,1461.4751037699502,0,1461.4751037699502,1017.8569501564318,443.61815361351847,105450.49991708799,168206.17212385719]
[215,"2041-11-12",105450.49991708799,1461.4751037699502,0,1461.4751037699502,1022.0980207820836,439.37708298786663,104428.40189630591,168645.54920684505]
[216,"2041-12-12",104428.40189630591,1461.4751037699502,0,1461.4751037699502,1026.3567625353423,435.11834123460795,103402.04513377056,169080.66754807965]
[217,"2042-01-12",103402.04513377056,1461.4751037699502,0,1461.4751037699502,1030.6332490459063,430.84185472404403,102371.41188472466,169511.5094028037]
[218,"2042-02-12",102371.41188472466,1461.4751037699502,0,1461.4751037699502,1034.9275542502642,426.54754951968607,101336.4843304744,169938.05695232339]
[219,"2042-03-12",101336.4843304744,1461.4751037699502,0,1461.4751037699502,1039.2397523929735,422.23535137697667,100297.24457808143,170360.29230370035]
[220,"2042-04-12",100297.24457808143,1461.4751037699502,0,1461.4751037699502,1043.5699180279444,417.90518574200598,99253.674660053483,170778.19748944236]
[221,"2042-05-12",99253.674660053483,1461.4751037699502,0,1461.4751037699502,1047.9181260197274,413.55697775022287,98205.756534033761,171191.75446719257]
[222,"2042-06-12",98205.756534033761,1461.4751037699502,0,1461.4751037699502,1052.2844515448096,409.1906522251407,97153.472082488952,171600.94511941771]
[223,"2042-07-12",97153.472082488952,1461.4751037699502,0,1461.4751037699502,1056.6689700929128,404.80613367703734,96096.803112396039,172005.75125309476]
[224,"2042-08-12",96096.803112396039,1461.4751037699502,0,1461.4751037699502,1061.0717574683001,400.40334630165017,95035.731354927746,172406.1545993964]
[225,"2042-09-12",95035.731354927746,1461.4751037699502,0,1461.4751037699502,1065.4928897910845,395.98221397886562,93970.238465136659,172802.13681337525]
[226,"2042-10-12",93970.238465136659,1461.4751037699502,0,1461.4751037699502,1069.9324434985474,391.54266027140278,92900.306021638113,173193.67947364665]
[227,"2042-11-12",92900.306021638113,1461.4751037699502,0,1461.4751037699502,1074.390495346458,387.08460842349217,91825.915526291661,173580.76408207015]
[228,"2042-12-12",91825.915526291661,1461.4751037699502,0,1461.4751037699502,1078.8671224104016,382.6079813595486,90747.048403881257,173963.37206342971]
[229,"2043-01-12",90747.048403881257,1461.4751037699502,0,1461.4751037699502,1083.3624020871116,378.11270168283858,89663.686001794151,174341.48476511255]
[230,"2043-02-12",89663.686001794151,1461.4751037699502,0,1461.4751037699502,1087.8764120958081,373.59869167414229,88575.809589698343,174715.0834567867]
[231,"2043-03-12",88575.809589698343,1461.4751037699502,0,1461.4751037699502,1092.4092304795404,369.0658732904098,87483.400359218809,175084.14933007711]
[232,"2043-04-12",87483.400359218809,1461.4751037699502,0,1461.4751037699502,1096.9609356065384,364.51416816341174,86386.439423612275,175448.66349824052]
[233,"2043-05-12",86386.439423612275,1461.4751037699502,0,1461.4751037699502,1101.5316061715657,359.94349759838451,85284.907817440704,175808.6069958389]
[234,"2043-06-12",85284.907817440704,1461.4751037699502,0,1461.4751037699502,1106.1213211972806,355.35378257266962,84178.786496243425,176163.96077841157]
[235,"2043-07-12",84178.786496243425,1461.4751037699502,0,1461.4751037699502,1110.7301600356027,350.7449437343476,83068.056336207825,176514.70572214591]
[236,"2043-08-12",83068.056336207825,1461.4751037699502,0,1461.4751037699502,1115.3582023690842,346.11690140086597,81952.698133838741,176860.82262354679]
[237,"2043-09-12",81952.698133838741,1461.4751037699502,0,1461.4751037699502,1120.0055282122889,341.46957555766141,80832.692605626449,177202.29219910444]
[238,"2043-10-12",80832.692605626449,1461.4751037699502,0,1461.4751037699502,1124.6722179131734,336.80288585677687,79708.020387713274,177539.09508496121]
[239,"2043-11-12",79708.020387713274,1461.4751037699502,0,1461.4751037699502,1129.3583521544783,332.11675161547197,78578.662035558795,177871.21183657669]
[240,"2043-12-12",78578.662035558795,1461.4751037699502,0,1461.4751037699502,1134.0640119551219,327.41109181482835,77444.59802360367,178198.62292839153]
[241,"2044-01-12",77444.59802360367,1461.4751037699502,0,1461.4751037699502,1138.7892786716016,322.68582509834863,76305.808744932074,178521.30875348987]
[242,"2044-02-12",76305.808744932074,1461.4751037699502,0,1461.4751037699502,1143.5342339993999,317.94086977055031,75162.274510932679,178839.2496232604]
[243,"2044-03-12",75162.274510932679,1461.4751037699502,0,1461.4751037699502,1148.2989599743973,313.17614379555283,74013.975550958276,179152.42576705595]
[244,"2044-04-12",74013.975550958276,1461.4751037699502,0,1461.4751037699502,1153.0835389742906,308.39156479565952,72860.89201198399,179460.81733185161]
[245,"2044-05-12",72860.89201198399,1461.4751037699502,0,1461.4751037699502,1157.8880537200171,303.58705004993328,71703.003958263973,179764.40438190155]
[246,"2044-06-12",71703.003958263973,1461.4751037699502,0,1461.4751037699502,1162.7125872771837,298.76251649276657,70540.291370986786,180063.16689839432]
[247,"2044-07-12",70540.291370986786,1461.4751037699502,0,1461.4751037699502,1167.5572230575053,293.91788071244497,69372.734147929281,180357.08477910678]
[248,"2044-08-12",69372.734147929281,1461.4751037699502,0,1461.4751037699502,1172.422044820245,289.05305894970536,68200.312103109041,180646.13783805649]
[249,"2044-09-12",68200.312103109041,1461.4751037699502,0,1461.4751037699502,1177.3071366736626,284.16796709628767,67023.004966435372,180930.30580515278]
[250,"2044-10-12",67023.004966435372,1461.4751037699502,0,1461.4751037699502,1182.2125830764694,279.26252069348072,65840.792383358901,181209.56832584625]
[251,"2044-11-12",65840.792383358901,1461.4751037699502,0,1461.4751037699502,1187.1384688392882,274.33663493066211,64653.653914519615,181483.90496077691]
[252,"2044-12-12",64653.653914519615,1461.4751037699502,0,1461.4751037699502,1192.0848791261185,269.39022464383174,63461.569035393499,181753.29518542075]
[253,"2045-01-12",63461.569035393499,1461.4751037699502,0,1461.4751037699502,1197.0518994558106,264.42320431413958,62264.517135937691,182017.71838973489]
[254,"2045-02-12",62264.517135937691,1461.4751037699502,0,1461.4751037699502,1202.0396157035432,259.43548806640706,61062.477520234148,182277.15387780129]
[255,"2045-03-12",61062.477520234148,1461.4751037699502,0,1461.4751037699502,1207.0481141023079,254.42698966764229,59855.429406131843,182531.58086746893]
[256,"2045-04-12",59855.429406131843,1461.4751037699502,0,1461.4751037699502,1212.0774812444008,249.39762252554937,58643.351924887444,182780.97848999448]
[257,"2045-05-12",58643.351924887444,1461.4751037699502,0,1461.4751037699502,1217.1278040829193,244.34729968703104,57426.224120804523,183025.32578968152]
[258,"2045-06-12",57426.224120804523,1461.4751037699502,0,1461.4751037699502,1222.1991699332648,239.27593383668554,56204.024950871259,183264.60172351819]
[259,"2045-07-12",56204.024950871259,1461.4751037699502,0,1461.4751037699502,1227.2916664746533,234.18343729529693,54976.733284396607,183498.78516081348]
[260,"2045-08-12",54976.733284396607,1461.4751037699502,0,1461.4751037699502,1232.405381751631,229.0697220183192,53744.327902644975,183727.8548828318]
[261,"2045-09-12",53744.327902644975,1461.4751037699502,0,1461.4751037699502,1237.5404041755962,223.93469959435407,52506.787498469377,183951.78958242616]
[262,"2045-10-12",52506.787498469377,1461.4751037699502,0,1461.4751037699502,1242.6968225263279,218.77828124362242,51264.090675943051,184170.5678636698]
[263,"2045-11-12",51264.090675943051,1461.4751037699502,0,1461.4751037699502,1247.8747259535207,213.60037781642939,50016.215949989528,184384.16824148622]
[264,"2045-12-12",50016.215949989528,1461.4751037699502,0,1461.4751037699502,1253.0742039783272,208.40089979162303,48763.141746011199,184592.56914127784]
[265,"2046-01-12",48763.141746011199,1461.4751037699502,0,1461.4751037699502,1258.2953464949035,203.17975727504668,47504.846399516297,184795.74889855288]
[266,"2046-02-12",47504.846399516297,1461.4751037699502,0,1461.4751037699502,1263.5382437719657,197.93685999798458,46241.308155744329,184993.68575855086]
[267,"2046-03-12",46241.308155744329,1461.4751037699502,0,1461.4751037699502,1268.8029864543489,192.67211731560138,44972.50516928998,185186.35787586647]
[268,"2046-04-12",44972.50516928998,1461.4751037699502,0,1461.4751037699502,1274.0896655645754,187.38543820537492,43698.415503725402,185373.74331407185]
[269,"2046-05-12",43698.415503725402,1461.4751037699502,0,1461.4751037699502,1279.3983725044277,182.07673126552251,42419.017131220971,185555.82004533737]
[270,"2046-06-12",42419.017131220971,1461.4751037699502,0,1461.4751037699502,1284.7291990565295,176.74590471342071,41134.287932164443,185732.5659500508]
[271,"2046-07-12",41134.287932164443,1461.4751037699502,0,1461.4751037699502,1290.0822373859316,171.39286638401853,39844.205694778509,185903.95881643481]
[272,"2046-08-12",39844.205694778509,1461.4751037699502,0,1461.4751037699502,1295.4575800417065,166.01752372824379,38548.748114736802,186069.97634016306]
[273,"2046-09-12",38548.748114736802,1461.4751037699502,0,1461.4751037699502,1300.8553199585469,160.61978381140335,37247.892794778258,186230.59612397448]
[274,"2046-10-12",37247.892794778258,1461.4751037699502,0,1461.4751037699502,1306.2755504583743,155.1995533115761,35941.617244319881,186385.79567728605]
[275,"2046-11-12",35941.617244319881,1461.4751037699502,0,1461.4751037699502,1311.7183652519507,149.75673851799951,34629.898879067929,186535.55241580404]
[276,"2046-12-12",34629.898879067929,1461.4751037699502,0,1461.4751037699502,1317.1838584405004,144.29124532944971,33312.715020627431,186679.84366113349]
[277,"2047-01-12",33312.715020627431,1461.4751037699502,0,1461.4751037699502,1322.672124517336,138.80297925261431,31990.042896110095,186818.64664038611]
[278,"2047-02-12",31990.042896110095,1461.4751037699502,0,1461.4751037699502,1328.1832583694916,133.29184540045873,30661.859637740603,186951.93848578658]
[279,"2047-03-12",30661.859637740603,1461.4751037699502,0,1461.4751037699502,1333.7173552793645,127.75774849058585,29328.142282461238,187079.69623427716]
[280,"2047-04-12",29328.142282461238,1461.4751037699502,0,1461.4751037699502,1339.2745109263617,122.2005928435885,27988.867771534875,187201.89682712074]
[281,"2047-05-12",27988.867771534875,1461.4751037699502,0,1461.4751037699502,1344.8548213885549,116.62028238139531,26644.01295014632,187318.51710950214]
[282,"2047-06-12",26644.01295014632,1461.4751037699502,0,1461.4751037699502,1350.4583831443406,111.01672062560968,25293.554567001978,187429.53383012774]
[283,"2047-07-12",25293.554567001978,1461.4751037699502,0,1461.4751037699502,1356.0852930741087,105.38981069584158,23937.469273927869,187534.92364082357]
[284,"2047-08-12",23937.469273927869,1461.4751037699502,0,1461.4751037699502,1361.7356484619174,99.739455308032788,22575.733625465953,187634.66309613161]
[285,"2047-09-12",22575.733625465953,1461.4751037699502,0,1461.4751037699502,1367.4095469971753,94.065556772774812,21208.324078468777,187728.72865290439]
[286,"2047-10-12",21208.324078468777,1461.4751037699502,0,1461.4751037699502,1373.1070867763303,88.368016993619904,19835.216991692447,187817.09666989802]
[287,"2047-11-12",19835.216991692447,1461.4751037699502,0,1461.4751037699502,1378.828366304565,82.6467374653852,18456.388625387881,187899.74340736339]
[288,"2047-12-12",18456.388625387881,1461.4751037699502,0,1461.4751037699502,1384.5734844975007,76.901619272449508,17071.81514089038,187976.64502663584]
[289,"2048-01-12",17071.81514089038,1461.4751037699502,0,1461.4751037699502,1390.3425406829069,71.132563087043252,15681.472600207473,188047.77758972289]
[290,"2048-02-12",15681.472600207473,1461.4751037699502,0,1461.4751037699502,1396.135634602419,65.339469167531135,14285.336965605055,188113.11705889041]
[291,"2048-03-12",14285.336965605055,1461.4751037699502,0,1461.4751037699502,1401.9528664132624,59.522237356687732,12883.384099191791,188172.6392962471]
[292,"2048-04-12",12883.384099191791,1461.4751037699502,0,1461.4751037699502,1407.7943366899844,53.680767079965797,11475.589762501808,188226.32006332706]
[293,"2048-05-12",11475.589762501808,1461.4751037699502,0,1461.4751037699502,1413.6601464261928,47.814957343757534,10061.929616075615,188274.13502067083]
[294,"2048-06-12",10061.929616075615,1461.4751037699502,0,1461.4751037699502,1419.5503970363018,41.924706733648399,8642.3792190393124,188316.05972740447]
[295,"2048-07-12",8642.3792190393124,1461.4751037699502,0,1461.4751037699502,1425.4651903572865,36.009913412663806,7216.9140286820257,188352.06964081712]
[296,"2048-08-12",7216.9140286820257,1461.4751037699502,0,1461.4751037699502,1431.4046286504417,30.070475119508441,5785.5094000315839,188382.14011593664]
[297,"2048-09-12",5785.5094000315839,1461.4751037699502,0,1461.4751037699502,1437.368814603152,24.106289166798266,4348.1405854284321,188406.24640510345]
[298,"2048-10-12",4348.1405854284321,1461.4751037699502,0,1461.4751037699502,1443.3578513306652,18.117252439285135,2904.7827340977669,188424.36365754274]
[299,"2048-11-12",2904.7827340977669,1461.4751037699502,0,1461.4751037699502,1449.3718423778762,12.10326139207403,1455.4108917198907,188436.46691893481]
[300,"2048-12-12",1455.4108917198907,1461.4751037699502,0,1461.4751037687236,1455.4108917198907,6.0642120488328786,0,188442.53113098364]

{"sheet":"Ref","index":2,"n_rows":2,"n_cols":1,"rows_kept":2,"cut":false,"hidden":true,"merged":[]}
["Trigger"]
[1]